{"id":1954,"date":"2023-12-20T20:09:38","date_gmt":"2023-12-20T20:09:38","guid":{"rendered":"https:\/\/pc.uneltevinsibere.ro\/?post_type=product&#038;p=1954"},"modified":"2023-12-20T20:10:20","modified_gmt":"2023-12-20T20:10:20","slug":"extract-de-malt-coopers-golden-crown","status":"publish","type":"product","link":"https:\/\/pc.uneltevinsibere.ro\/?product=extract-de-malt-coopers-golden-crown","title":{"rendered":"EXTRACT DE MALT COOPERS &#8220;GOLDEN CROWN&#8221;"},"content":{"rendered":"<p><span class=\"notranslate\">\u00cen 1968, Coopers \u0219i-a f\u0103cut prima lager\u0103 sub monikerul \u201eCoroana de aur\u201d.<\/span> <span class=\"notranslate\"> O bere delicat\u0103, mai pu\u021bin dulce, de tipul Dortmunder, a fost un succes cople\u0219itor \u0219i a reprezentat o nou\u0103 er\u0103 pentru bere.<\/span><\/p>\n<p><span class=\"notranslate\"> \u00cen tradi\u021bia re\u021betei originale a lui Maxwell Cooper, aceast\u0103 bere este un lager clasic, cu nuan\u021be aurii<\/span><span class=\"notranslate\">.<\/span> Deosebit<span class=\"notranslate\"> de r\u0103coros, cu o arom\u0103 fructat\u0103 persistent\u0103, aceast\u0103 lager aurie este \u00eencununat\u0103 de un buchet compact \u0219i str\u00e2ns.<\/span><br \/>\n<span class=\"notranslate\">\u00a0Un lager cu adev\u0103rat demn de coroana sa.<\/span><\/p>\n<p><span class=\"notranslate\">Pachetul con\u021bine un plic de drojdie uscat\u0103.<\/span><span class=\"notranslate\"><br \/>\n<\/span><\/p>\n<p>Necesita 1 kg de zahar si apa proaspata( recomandat apa de izvor).<\/p>\n","protected":false},"excerpt":{"rendered":"<p>EXTRACT DEMALT COOPERS &#8220;GOLDEN CROWN&#8221; 1,7 KG<\/p>\n","protected":false},"featured_media":2057,"comment_status":"closed","ping_status":"closed","template":"","meta":[],"etheme_brands":[],"product_cat":[48,68],"product_tag":[],"class_list":{"0":"post-1954","1":"product","2":"type-product","3":"status-publish","4":"has-post-thumbnail","6":"product_cat-bere","7":"product_cat-extract-de-malt","9":"first","10":"outofstock","11":"shipping-taxable","12":"purchasable","13":"product-type-simple"},"jetpack_sharing_enabled":true,"_links":{"self":[{"href":"https:\/\/pc.uneltevinsibere.ro\/index.php?rest_route=\/wp\/v2\/product\/1954","targetHints":{"allow":["GET"]}}],"collection":[{"href":"https:\/\/pc.uneltevinsibere.ro\/index.php?rest_route=\/wp\/v2\/product"}],"about":[{"href":"https:\/\/pc.uneltevinsibere.ro\/index.php?rest_route=\/wp\/v2\/types\/product"}],"replies":[{"embeddable":true,"href":"https:\/\/pc.uneltevinsibere.ro\/index.php?rest_route=%2Fwp%2Fv2%2Fcomments&post=1954"}],"version-history":[{"count":1,"href":"https:\/\/pc.uneltevinsibere.ro\/index.php?rest_route=\/wp\/v2\/product\/1954\/revisions"}],"predecessor-version":[{"id":2058,"href":"https:\/\/pc.uneltevinsibere.ro\/index.php?rest_route=\/wp\/v2\/product\/1954\/revisions\/2058"}],"wp:featuredmedia":[{"embeddable":true,"href":"https:\/\/pc.uneltevinsibere.ro\/index.php?rest_route=\/wp\/v2\/media\/2057"}],"wp:attachment":[{"href":"https:\/\/pc.uneltevinsibere.ro\/index.php?rest_route=%2Fwp%2Fv2%2Fmedia&parent=1954"}],"wp:term":[{"taxonomy":"brand","embeddable":true,"href":"https:\/\/pc.uneltevinsibere.ro\/index.php?rest_route=%2Fwp%2Fv2%2Fetheme_brands&post=1954"},{"taxonomy":"product_cat","embeddable":true,"href":"https:\/\/pc.uneltevinsibere.ro\/index.php?rest_route=%2Fwp%2Fv2%2Fproduct_cat&post=1954"},{"taxonomy":"product_tag","embeddable":true,"href":"https:\/\/pc.uneltevinsibere.ro\/index.php?rest_route=%2Fwp%2Fv2%2Fproduct_tag&post=1954"}],"curies":[{"name":"wp","href":"https:\/\/api.w.org\/{rel}","templated":true}]}}